igit of 2457904302?
5
What is the hundreds digit of 380819776?
7
What is the millions digit of 331812291?
1
What is the millions digit of 3121748049?
1
What is the tens digit of 734445747?
4
What is the millions digit of 355452373?
5
What is the units digit of 38569912?
2
What is the thousands digit of 54351805?
1
What is the millions digit of 100308321?
0
What is the ten millions digit of 19342519?
1
What is the ten thousands digit of 73661421?
6
What is the tens digit of 1800341183?
8
What is the thousands digit of 997517544?
7
What is the ten thousands digit of 18123742?
2
What is the hundred thousands digit of 6396950630?
9
What is the hundred thousands digit of 334564236?
5
What is the ten millions digit of 23060231?
2
What is the ten millions digit of 2437201772?
3
What is the thousands digit of 52240852?
0
What is the ten millions digit of 240160131?
4
What is the hundred millions digit of 902414540?
9
What is the ten thousands digit of 104779883?
7
What is the hundreds digit of 1761914171?
1
What is the millions digit of 123739412?
3
What is the units digit of 149353567?
7
What is the hundreds digit of 7824015265?
2
What is the units digit of 3683080341?
1
What is the thousands digit of 1543303710?
3
What is the millions digit of 49048074?
9
What is the ten thousands digit of 42048976?
4
What is the tens digit of 237210743?
4
What is the hundred thousands digit of 8002045?
0
What is the millions digit of 6041053?
6
What is the units digit of 975199197?
7
What is the ten thousands digit of 204219505?
1
What is the billions digit of 2388077436?
2
What is the billions digit of 1844868268?
1
What is the millions digit of 22655609?
2
What is the hundreds digit of 223307462?
4
What is the ten millions digit of 460848602?
6
What is the millions digit of 188225964?
8
What is the tens digit of 1561783349?
4
What is the ten thousands digit of 327898996?
9
What is the thousands digit of 4976172713?
2
What is the millions digit of 189500917?
9
What is the millions digit of 7148500361?
8
What is the units digit of 8733418057?
7
What is the billions digit of 2702143801?
2
What is the millions digit of 52441466?
2
What is the millions digit of 7971452738?
1
What is the ten thousands digit of 218367110?
6
What is the ten millions digit of 737875618?
3
What is the hundred thousands digit of 37436523?
4
What is the thousands digit of 1286174833?
4
What is the tens digit of 66533781?
8
What is the ten thousands digit of 24327078?
2
What is the millions digit of 181466299?
1
What is the millions digit of 579926166?
9
What is the ten thousands digit of 1384557226?
5
What is the hundred millions digit of 221787698?
2
What is the hundred millions digit of 179393003?
1
What is the hundred millions digit of 195434578?
1
What is the ten thousands digit of 6298277496?
7
What is the hundred millions digit of 358192936?
3
What is the ten millions digit of 17172662?
1
What is the thousands digit of 617782107?
2
What is the hundred millions digit of 1040682042?
0
What is the thousands digit of 54020889?
0
What is the ten thousands digit of 90371019?
7
What is the billions digit of 5991512334?
5
What is the thousands digit of 1304931859?
1
What is the millions digit of 205605873?
5
What is the units digit of 42317185?
5
What is the ten thousands digit of 74778738?
7
What is the hundreds digit of 77399507?
5
What is the hundred thousands digit of 51169401?
1
What is the hundred millions digit of 799839104?
7
What is the tens digit of 109406430?
3
What is the ten thousands digit of 63611?
6
What is the ten thousands digit of 46586552?
8
What is the units digit of 171479117?
7
What is the ten millions digit of 4060389427?
6
What is the hundred millions digit of 1852708910?
8
What is the hundreds digit of 1015481995?
9
What is the ten thousands digit of 23816577?
1
What is the ten millions digit of 118555390?
1
What is the thousands digit of 111332725?
2
What is the hundred millions digit of 364316772?
3
What is the ten thousands digit of 1032778?
3
What is the ten thousands digit of 2438788455?
8
What is the units digit of 655985142?
2
What is the thousands digit of 117827634?
7
What is the ten millions digit of 57412203?
5
What is the units digit of 27900118?
8
What is the hundred millions digit of 1134524394?
1
What is the hundreds digit of 1152515663?
6
What is the thousands digit of 930956697?
6
What is the billions digit of 3074992472?
3
What is the millions digit of 253021885?
3
What is the hundred thousands digit of 41277438?
2
What is the ten millions digit of 853575132?
5
What is the thousands digit of 543639828?
9
What is the ten millions digit of 80078689?
8
What is the ten millions digit of 30885422?
3
What is the ten millions digit of 3873186922?
7
What is the thousands digit of 4019099768?
9
What is the ten millions digit of 1697557353?
9
What is the hundred millions digit of 194496227?
1
What is the billions digit of 1269472163?
1
What is the hundred millions digit of 2627716665?
6
What is the hundreds digit of 855500498?
4
What is the ten thousands digit of 27749756?
4
What is the hundred millions digit of 147704755?
1
What is the millions digit of 174371779?
4
What is the units digit of 2423929180?
0
What is the hundred thousands digit of 6603750860?
7
What is the ten millions digit of 233757642?
3
What is the ten millions digit of 4722285303?
2
What is the units digit of 65213?
3
What is the units digit of 95146657?
7
What is the hundred millions digit of 2849945895?
8
What is the hundred millions digit of 4390750216?
3
What is the ten millions digit of 14846124?
1
What is the hundred millions digit of 423589663?
4
What is the ten thousands digit of 101063418?
6
What is the units digit of 745396?
6
What is the units digit of 3448777194?
4
What is the thousands digit of 570067387?
7
What is the hundred thousands digit of 46394545?
3
What is the tens digit of 90012725?
2
What is the units digit of 999015388?
8
What is the hundred millions digit of 196158441?
1
What is the hundreds digit of 1056102341?
3
What is the hundreds digit of 29368765?
7
What is the ten thousands digit of 2059545744?
4
What is the thousands digit of 26974447?
4
What is the hundreds digit of 258969396?
3
What is the ten thousands digit of 4482888772?
8
What is the millions digit of 1432435712?
2
What is the units digit of 278015814?
4
What is the tens digit of 167166654?
5
What is the ten millions digit of 69929528?
6
What is the thousands digit of 15660672?
0
What is the units digit of 90570777?
7
What is the thousands digit of 178758613?
8
What is the ten thousands digit of 3839433497?
3
What is the millions digit of 412606697?
2
What is the units digit of 1501884556?
6
What is the hundred thousands digit of 1077153792?
1
What is the hundred thousands digit of 447029239?
0
What is the ten thousands digit of 246515350?
1
What is the ten thousands digit of 606712135?
1
What is the hundred thousands digit of 199878261?
8
What is the hundreds digit of 426830479?
4
What is the tens digit of 40673297?
9
What is the hundred thousands digit of 2360311331?
3
What is the units digit of 59268290?
0
What is the thousands digit of 22072830?
2
What is the hundred millions digit of 185391757?
1
What is the thousands digit of 59986539?
6
What is the millions digit of 315270267?
5
What is the ten thousands digit of 141825583?
2
What is the hundred thousands digit of 253505345?
5
What is the ten thousands digit of 19457927?
5
What is the hundreds digit of 32824540?
5
What is the ten thousands digit of 218129524?
2
What is the units digit of 137991376?
6
What is the ten millions digit of 256492606?
5
What is the hundreds digit of 254464620?
6
What is the billions digit of 1233631314?
1
What is the ten millions digit of 191405502?
9
What is the millions digit of 1202227015?
2
What is the millions digit of 3520427102?
0
What is the units digit of 1523679124?
4
What is the ten millions digit of 81358061?
8
What is the thousands digit of 546825326?
5
What is the tens digit of 201363117?
1
What is the thousands digit of 20909349?
9
What is the thousands digit of 2877309656?
9
What is the thousands digit of 264344194?
4
What is the millions digit of 191348866?
1
What is the hundred millions digit of